-48. Is -1 + (-20)/(3/(-12)*b) composite?
True
Suppose -1608 = -4*g + 7520. Suppose 0 = -3*m + 16 - 4. Is g/(-4*(-2)/m) a composite number?
True
Let h(j) = j**3 + 4*j**2 - 8*j - 9. Let q be h(-5). Let d be -73 - ((4 - q) + -1). Let o = 161 + d. Is o a composite number?
True
Let s be 1 + 11/(22/492). Let c = s - 84. Is c prime?
True
Let s = -5 + 190. Suppose -14*p + 1862 = 5*p. Let w = s - p. Is w prime?
False
Let f(t) = 5*t**3 - 5*t**2 - 7*t - 5. Let s be -1*(0 + 3) - -9. Is f(s) a prime number?
True
Is (161888/(-12))/8*-3 a composite number?
False
Let i = -8 + 8. Suppose i*h - 4 = -h. Is (h - -165)/(1 - 0) composite?
True
Suppose 4*l + 2*x + 8 = 7*x, -5 = l - 2*x. Suppose 4*t - 3597 = -c, 6*c + 4*t = l*c + 10815. Suppose -2*m + 1952 + 761 = 3*u, m = -4*u + c. Is u composite?
True
Suppose 6*x - 115043 = 379. Is x prime?
True
Suppose -7*y + 83 = -6*y. Is y composite?
False
Suppose -4*u - 5 = -1. Is 0 - (2 - -107)/u composite?
False
Suppose 0 = 31*g - 36*g + 75. Let b(i) = -3*i - 3 + i + g*i**2 + 7*i. Is b(5) composite?
False
Let z = 4255 - 2009. Is z composite?
True
Let o(t) = 4*t - 12. Let q(d) = 3*d - 11. Let y(g) = 4*o(g) - 3*q(g). Is y(7) composite?
True
Let i be 3/9*3 - 3. Let l be 1116/(-8) + (-1)/i. Let c = -80 - l. Is c a prime number?
True
Let c(t) = -11*t**2 - 2*t - 2. Let d be -2 + (6/3 - -3). Let a be c(d). Let y = a - -264. Is y a composite number?
False
Let s(z) = -92*z**2 + 3*z + 2. Let g be s(2). Let k = -233 - g. Is k a composite number?
False
Suppose 4*z = -z + 5*h + 745, 3*h = -2*z + 318. Suppose -z*u = -157*u + 6628. Is u a prime number?
True
Is ((-370)/148)/(15/(-484206)) composite?
False
Suppose -30*d + 81735 = 5*w - 32*d, 5*d - 81770 = -5*w. Is w a composite number?
False
Let f(b) = -687*b + 6. Let t be f(-4). Suppose 3*g - 354 = t. Suppose 4*d = 3*k + 1065, 4*d - k = g + 31. Is d a prime number?
False
Let h(o) = 680*o**2 - 3*o + 2. Let p be 3*8/(-18)*-3. Suppose -a = 2*q + 7, p*q = 2*a + a - 19. Is h(a) a composite number?
True
Suppose 0 = w - 7*w - 498. Is (w + 1 + 3)*-1 a prime number?
True
Suppose i + 3*i = -2*w + 6, 3*i - 2 = -4*w. Suppose -4*h + i*h + 10 = 0. Suppose h*m - 4*m + a - 78 = 0, -3*a - 98 = -m. Is m a composite number?
False
Let y(h) = -h**3 - 4*h**2 - 3*h + 15. Let v(w) = 4*w**3 + 17*w**2 + 11*w - 59. Let g(p) = -2*v(p) - 9*y(p). Is g(9) prime?
True
Let o be (-2 + 3)*6/2. Is (-1 + 3)*(20 - o) a prime number?
False
Let m = 57 - -37. Suppose -m = -3*u + 161. Is u composite?
True
Suppose 13*z - 616 = 9*z. Suppose -c - 418 = -3*c. Suppose 2*f - z = -5*r, 0 = f + 2*f + 2*r - c. Is f a composite number?
False
Suppose -12*r = -13*r + 4. Suppose -r*b + 3*g = -b - 7191, -3*g = -5*b + 11977. Is b composite?
False
Let y = -9 + 23. Is (-290 + -12)/((-4)/y) composite?
True
Suppose 3*g + 3*l - 24606 = 0, -181*g + 183*g + l - 16405 = 0. Is g a prime number?
False
Let l(w) = 43*w**2 - 2*w + 4. Let d be l(5). Let a = -650 + d. Is a a prime number?
True
Let x = -5 + 62. Is (-3 - x/(-12))*764 a prime number?
False
Suppose 62*j - 59*j = 201. Is j a composite number?
False
Suppose 59*c + 896383 = 100*c. Is c a prime number?
True
Suppose 260 + 484 = 2*m. Let s be (m/(1 + -3))/(-1). Let u = s + -92. Is u a composite number?
True
Suppose -g + 1 = -5*p + 6, 5*g - 4*p + 67 = 0. Let c(k) = k + 17. Let h be c(g). Suppose 14 = 2*b + h*v, -3*b = 2*b + 4*v - 38. Is b a prime number?
False
Suppose 3*v - 6*v = j + 2502, -v + 2*j = 841. Let n = -292 - v. Is n a composite number?
True
Suppose j = -1, 51683 = 2*v + 5*j - 2154. Is v prime?
True
Suppose -4*l = -3*l - 3*z - 1, 2*l - 8 = 4*z. Suppose -3*b + 186 = -2*d - 26, -l = -5*b. Let g = 282 + d. Is g prime?
True
Suppose -3*v + 10*v = -140. Is ((-526)/(-3))/(v/(-30)) a composite number?
False
Let h = -14344 + 20880. Suppose 3*o - h = -t, -o = -2*o + 4*t + 2157. Is o prime?
False
Suppose l - 34249 = 5*g - 110017, -75771 = -5*g + 2*l. Is g composite?
True
Is 2055*(-50)/(-30) + 8 a prime number?
True
Suppose 2*r - 5*u = 13784 + 6165, 0 = 2*r + 2*u - 19956. Is r a composite number?
True
Let j = 405 - -27. Suppose 5*s + 337 = 4*x - x, 4*x = -2*s + j. Is x a composite number?
False
Suppose -4*o + 164 = -0*o. Let t be (-2*o)/((-30)/105). Suppose 0 = -3*g + 2306 - t. Is g prime?
True
Let c be (-4)/(-6)*(-30)/(-4). Suppose -4*f + c*l = 47, -l = -2*l + 3. Is ((-161)/(-28))/((-2)/f) a composite number?
False
Let v = 1770 - 633. Is v prime?
False
Let y be -10 - -3153 - -1*(1 - 1). Suppose -3*o - y = -t, -2*t + 3*o = -1497 - 4801. Is t prime?
False
Is 87215 + ((-88)/22 - 1*-10) a composite number?
False
Let j(t) = 4 + 8 - 5*t + 9*t + 7*t - t**2. Let b be j(12). Suppose -5*r + r + 3*l + 963 = 0, 5*l + 25 = b. Is r a composite number?
True
Let r be (4/(-7))/2 - 355200/(-70). Suppose 4*f = 3*g - 7*g + 6768, 5*f = -3*g + r. Is g prime?
True
Let g = -12 + 237. Suppose 5*c - g = 85. Is c a prime number?
False
Is (-13)/(273/(-82117))*3 a composite number?
False
Suppose 0 = -7*a + 12*a - 15. Suppose 0*b = b - a. Suppose b*o = -u + 357, -u - 584 = -5*o + u. Is o composite?
True
Let s = -24 + 24. Suppose 4*d - 4 = 4*b, 5*d - 4*b = 4 + 3. Suppose -d*y + 5*w + 92 = 0, -2*y + 4*w + 40 + 20 = s. Is y a prime number?
False
Suppose 0*c = 2*c - 22. Let o(f) = 2*f**3 - 15*f**2 - 5*f + 2. Is o(c) a composite number?
True
Suppose 2*s - 41245 = -3*s. Is s a composite number?
True
Let g be ((-22)/(-8) + (-3)/12)*-6. Suppose 2*p = -f - 6793, -6*f - 6797 = 2*p - f. Is 2/(-5) + p/g prime?
False
Let i(u) = -1882*u - 75. Is i(-8) composite?
True
Suppose 152*l - 45753 = 149*l. Is l prime?
False
Let k(g) = -g**2 - 19*g - 28. Let v be k(-10). Let l = v + 23. Is l a composite number?
True
Suppose 5*a - 3*w - 10930 = 0, -3983 = -2*a - 5*w + 389. Is a a prime number?
False
Suppose -11*u = -35*u + 24. Let b(h) = -318*h**3 + 4*h**2 - h. Let l(i) = i**2. Let w(n) = -b(n) + 2*l(n). Is w(u) composite?
False
Let f(l) = -8930*l + 947. Is f(-13) prime?
True
Suppose -5*f + o - 13617 = 0, -3*f - 2*o = 3*o + 8187. Let q = -1321 - f. Suppose -5*w + q = 373. Is w prime?
False
Let j = 34 + -20. Let i be 13212/j - 4/(-14). Suppose -4*v + 732 + i = 0. Is v composite?
False
Suppose -c - 5*a + 2753 = 0, -13*a = -2*c - 16*a + 5492. Is c prime?
False
Suppose 4*i - 24 = r, 4*i = 4*r + 17 + 19. Suppose 0*m = 5*h - m - 1981, i*m - 20 = 0. Is h a prime number?
True
Let t be 100/(-30)*(-2 - 1). Is 54/t + -5 + 3153/5 prime?
True
Suppose 2*c + z = 6845, 2*c + c + 3*z - 10272 = 0. Is c composite?
True
Suppose -5*f - h + 50335 = -1800, 2*h = 0. Is f a prime number?
True
Suppose -9843 - 9715 = -14*q. Is q prime?
False
Let n be 141/6 - (-3)/(-2). Suppose 0 = 21*o - n*o + 251. Is o a composite number?
False
Let f = -112 + 109. Is -8973*((-3)/(-3))/f a prime number?
False
Suppose 0 = -17*a + 16*a - 22. Is (-18)/a - (-26)/143 - -186 prime?
False
Let a = 54658 - 34321. Is a a composite number?
True
Let m = 6293 - 3434. Is m a prime number?
False
Let c = 2022 - 1376. Suppose -g + c + 668 = 0. Let u = g + -905. Is u a prime number?
True
Let p(w) = 2573*w + 290. Is p(7) prime?
True
Let a(s) = 3 + 21 - 122*s + 2 + 21. Is a(-21) a composite number?
False
Suppose 0 = 5*j + p - 16, -14 = -3*j - 0*j - 5*p. Is 1/j*(22 - -920) composite?
True
Suppose -2*l + 1025 = 87. Let d = 2054 - l. Is d a prime number?
False
Suppose 6*g - 5225 = 10693. Is g a composite number?
True
Let h(l) = 837*l**2 - 26*l - 299. Is h(-8) a composite number?
True
Suppose -2*m + 0*b - 2*b = -34, -20 = -2*m + 5*b. Suppose 0 = -14*i + m*i - 499. Is i a prime number?
True
Let h(x) = -19*x**3 + 5*x**2 - 6*x - 1. Is h(-7) a composite number?
False
Suppose 4908 = y - 2*b, 1 = b - 2*b. Suppose -4*x = -2*x - y. Is x a composite number?
True
Suppose -2*u = 4*f + 84, 0 = 6*f - f + u + 105. Let n be (-14)/f*99/6. Suppose n*k - 7*k = 636. Is k prime?
False
Let g(d) = 8*d - 6. Let j(f) = -f + 1. Let c(o) = -g(o) + 4*j(o). Is c(-14) composite?
True
Let a(b) = b**3 - 5*b**2 + 5*b - 2. Let l be a(4). Let y be (3696/(-18))/(l/(-6)). Let h = y + -263. Is h composite?
False
Let a = 149 - 145. Is 1332 + (a - 18/2) a prime number?
True
Let p(v) = -2*v**2 - 4*v + 6. Let q be p(-4). Let o be (-5)/q - 4871/(-2). Suppose -2*y + 4*d + 1206 = 0, 5*y - o = y + 2*d. Is y a prime number?
False
Suppose -533 = -5*w + 1442. Is w a c